 n. Let k(z) = -5*z**2 + 3. Let v(x) = -6*j(x) - k(x). What are the prime factors of v(4)?
5
Let x = -91 + 250. List the prime factors of x.
3, 53
Let z(y) = -y**3 - 15*y**2 + 13*y + 5. List the prime factors of z(-16).
53
Suppose -2*j + 26 + 2 = -r, r = 0. What are the prime factors of j?
2, 7
Suppose 5*a - 229 = 261. List the prime factors of a.
2, 7
Suppose 2*u - 71 - 37 = -4*r, r - 24 = -2*u. What are the prime factors of r?
2, 7
List the prime factors of (-2648)/(-9) + (-2)/9 + 0.
2, 3, 7
Let h(g) = 3*g**3 - g**2. Let u be h(1). Suppose 38 = u*d + 6. List the prime factors of d.
2
Let h be 15/(-6) + (-2)/(-4). List the prime factors of 1/((-105)/(-51) + h).
17
Let r(n) = 2*n**2 - 3*n - 1. Suppose 4*o - 3 = 9. What are the prime factors of r(o)?
2
Let q(n) = -4*n**2 + 0*n - 1 - 2*n - n**3 - 2*n. Let p be q(-3). Suppose -5*d = -2*d + 2*o - 8, -4*o - 32 = -p*d. What are the prime factors of d?
2, 3
Let j = 12 + -4. Suppose -j - 13 = -s. What are the prime factors of s?
3, 7
Let g(a) = 0*a + 1 - a - 7. Let t be g(-4). Let j(f) = -3*f + 1. What are the prime factors of j(t)?
7
Suppose 5*i + 29 + 21 = 0. Let f be i*(-5)/((-75)/(-6)). List the prime factors of (-2)/f - 52/(-8).
2, 3
Let b(u) = 2*u**2 - 4*u - 3. Let c(a) be the second derivative of -a**5/20 - 5*a**4/12 - a**3 - 2*a**2 - 2*a. Let w be c(-4). List the prime factors of b(w).
13
Suppose -j - 4*l + 15 = 0, -3*j + 16 = 5*l - 8. List the prime factors of j.
3
Suppose -18 - 10 = -4*f. Suppose p - f + 4 = 0. List the prime factors of (-4)/(-1) + -1 + p.
2, 3
Let s(a) = 3*a**2 + a. List the prime factors of s(1).
2
Let w = 8 + -8. Let a be 9*8/3 + w. Let z = a + -4. What are the prime factors of z?
2, 5
Suppose 3*j + 15 = 0, -2*j + 32 = b - 4*j. Let c = 41 - b. What are the prime factors of c?
19
Let n = -178 - -287. What are the prime factors of n?
109
Suppose -30 = 2*u - 7*u. Let y(f) = -f**3 + 6*f**2 + 2*f. Let i be y(u). Suppose -2*l + i = 4*k, 8 + 14 = 3*l + 4*k. List the prime factors of l.
2, 5
List the prime factors of (-2)/11 - (-312)/22.
2, 7
Let f be -3 - (4 + -2 + -3). Suppose -33 = -8*c + 7. Let a = f + c. What are the prime factors of a?
3
Let a(h) = 4*h**2 - 4*h - 3. List the prime factors of a(-3).
3, 5
Let f(m) = -m**3 - 6*m**2 + 8*m + 9. Let x be f(-7). Suppose -b = -0*b - 46. Suppose x*a + 2*a = -5*c + 20, -4*c = -3*a + b. List the prime factors of a.
2, 5
Let z = -4 + 1. Let b be z - -28 - (-4)/(-2). Let y = 39 - b. List the prime factors of y.
2
Let j(v) = v + 52. Let l be j(0). Suppose -4*b = -4*i + 20 - l, -25 = -2*b + 5*i. Suppose -5*k + 4*p + b = -37, -3*k = p - 15. List the prime factors of k.
2, 3
Let w(c) = -c**2 - 10*c. Let d be w(-7). Suppose k = 4*k - d. What are the prime factors of k?
7
Let z(a) = -a**3 - a**2 - a + 1. Let t(p) = 3*p**3 + p**2 + 5*p - 7. Let b(i) = t(i) + 4*z(i). Let r be ((-1)/2)/(10/80). What are the prime factors of b(r)?
3
Let y(m) = 7*m - 17. What are the prime factors of y(17)?
2, 3, 17
Let h(f) = f + 1. Let p be 3*-1*(-8)/6. List the prime factors of h(p).
5
Let m = -19 - -47. List the prime factors of m.
2, 7
Let r = 68 - 32. What are the prime factors of r?
2, 3
Let s = -30 - -97. What are the prime factors of s?
67
Let p be (143 + -1)/(0 - -2). Let d = p - 32. Let x = -28 + d. List the prime factors of x.
11
What are the prime factors of (8 - -42) + (0 - -2)?
2, 13
Suppose 8*n = 3*n - 2*d + 272, 2*d + 268 = 5*n. List the prime factors of n.
2, 3
Let w(p) = -p**2 + 1. Let o(t) = t**3 - t**2 + 9*t - 11. Let q(v) = o(v) + 6*w(v). What are the prime factors of q(6)?
13
Let s be (-1)/(-3) + (-15)/(-9). Suppose 2*k + 4*t = s*t + 8, 4*k - 16 = 2*t. What are the prime factors of (6/5)/(k/20)?
2, 3
Let j(w) = -w**3 - 7*w**2 - 3*w + 10. What are the prime factors of j(-7)?
31
Let p(d) = 9*d**3 - 2*d**2 + 1. Let s be p(-1). Let t = 0 - s. List the prime factors of t.
2, 5
Suppose -3*j = -t, -3*j - j = -4*t. Let w(c) = c**3 - c**2 + c + 40. Let h be w(t). Suppose -8 = 4*s - h. What are the prime factors of s?
2
Suppose z = 3*z - 164. What are the prime factors of z?
2, 41
List the prime factors of (-320)/(-8) + 1*-1.
3, 13
List the prime factors of (6/12)/((-2)/(-168)).
2, 3, 7
Let s = 30 - 14. Suppose 3*d - s - 77 = 0. What are the prime factors of d?
31
Let t(i) = i**2 + 9*i - 6. Suppose 5*q - 15 = 4*u - 45, 5*q = -2*u. Let x be (10 + (q - -2))*-1. What are the prime factors of t(x)?
2
Suppose 2*g - 19 = 501. What are the prime factors of g?
2, 5, 13
Suppose 34 = -2*d - w + 87, -d + w + 19 = 0. What are the prime factors of d?
2, 3
Suppose -9 = c - 4*c. Suppose 0*m = -c*m + 51. What are the prime factors of m?
17
Let z(l) = 6*l - 1. Let o be (10/4)/(7/14). Suppose 5*k - 15 = o. What are the prime factors of z(k)?
23
Suppose -8*p + 200 = -3*p. What are the prime factors of p?
2, 5
Let j(m) = m + 18. Let d be j(-9). Suppose 20 = -4*b + d*b. List the prime factors of b.
2
Let u be -1 - -131 - (1 + -2). Suppose -5*i + 204 = -u. Suppose 0*f - m = -4*f + 53, -5*f + i = -m. What are the prime factors of f?
2, 7
Suppose -3*g - 3*p + 73 = -g, g = 2*p + 19. What are the prime factors of g?
29
Suppose 2*m + 20 = 7*m. Let r(v) = 3*v**2 - v - 4. Let l be r(m). Suppose -5*d = -5*h + l, -4*d + d = 12. List the prime factors of h.
2
Let d(v) = -v**3 - 11*v**2 - 8*v + 1. Let b(h) = -2*h**3 - 23*h**2 - 16*h + 3. Let x(y) = 3*b(y) - 7*d(y). List the prime factors of x(-6).
2, 13
Let h(j) be the second derivative of j**3/6 - j**2/2 + 4*j. Let v be h(6). Suppose 4*f + 24 = 2*o + f, 4*o = v*f + 48. What are the prime factors of o?
2, 3
Let r(a) = -a**2 + 7*a - 8. Let b be r(5). Suppose 3*n - 4*v - 83 = 0, 0 = -b*n + 2*v + 3*v + 67. What are the prime factors of n?
3, 7
Suppose 0*z = -5*z + 15. Suppose z*a + 2*k = 122, a - 160 = -3*a - 2*k. What are the prime factors of a?
2, 19
Suppose c + f - 33 = 0, 3*c - 123 = -0*c + 3*f. List the prime factors of c.
37
Let s = -7 + 14. Let z be 2/4*(1 + s). Suppose 2*y + l = z*y - 17, -4*l - 28 = -3*y. What are the prime factors of y?
2
Suppose 3*v - 110 = -26. What are the prime factors of v?
2, 7
Let i = 2 - -10. What are the prime factors of i?
2, 3
Let y(q) = -q**3 - 4*q**2 + 6*q - 3. Let c be y(-6). Suppose -3*z + 4*z - 4*i - c = 0, 2*z - 84 = -i. What are the prime factors of z?
41
Let y = 107 - 38. List the prime factors of y.
3, 23
Suppose 5*s + 0*n + 2*n = -12, 16 = 4*n. Let w be (2 + 0)*-1 + s. Let o = 12 + w. What are the prime factors of o?
2, 3
Let b = 2 + -2. What are the prime factors of (-12)/(-36)*(66 - b)?
2, 11
Let r(a) be the first derivative of a**4/4 - 10*a**3/3 + 9*a**2/2 + 5*a + 1. Let c be r(9). Suppose -8*d + c*d = -6. List the prime factors of d.
2
Let c(h) = -h + 13. List the prime factors of c(-8).
3, 7
Suppose -3*a - 2*x - x = -63, 0 = 5*a - x - 81. Let g = a + -13. List the prime factors of g.
2
Let v = 12 - 6. Let p(j) = -j**3 + 5*j**2 + 5*j + 6. Let q be p(v). Suppose -n = 2*i - 30, -3*i + q + 45 = 4*n. What are the prime factors of i?
3, 5
Let b be ((-4)/6)/((-4)/12). Suppose 5*p + 12 = b, 3*h + 3*p = 27. What are the prime factors of h?
11
Suppose 0 = -x - 0 + 5. Let a be (x + -1)*27/6. Let q = a + -13. What are the prime factors of q?
5
Let c = -7 - -4. Let x be (-3)/(-3) + c + 5. Let n(r) = r**3 - r**2 - r + 1. List the prime factors of n(x).
2
Suppose -3*h + 87 = 5*v, -h + 2*h + v = 27. What are the prime factors of h?
2, 3
Let w be 2/6 + 13/(-3). Let l(k) = k**2 + k - 1. What are the prime factors of l(w)?
11
Let c(g) = -4*g**3 - 3*g**2 - 3*g - 2. Let v be (-2 + 3 - 0)*-2. What are the prime factors of c(v)?
2, 3
Let r = 16 + -11. Suppose 5*t + x = 82, 4*t - r*x + 2*x = 58. What are the prime factors of t?
2
What are the prime factors of (1*-3)/(-2*(-21)/(-1036))?
2, 37
Let o(m) = 12*m - 1. Let g(y) = -23*y + 2. Let z(u) = -6*g(u) - 11*o(u). Let p be 4/(-2 - -1*4). List the prime factors of z(p).
11
Suppose -7*n + 2*n - 20 = 3*d, -5 = 5*n. Let w = 4 - d. What are the prime factors of w?
3
Let i(y) = -y**3 + 4*y**2 - y - 4. Let s be i(3). Suppose -h = s*h + 2*w - 16, 4*h + 3*w - 20 = 0. What are the prime factors of h?
2
Let b(q) = 5*q + 8 - 11*q + 3*q**3 - 4*q**3 + 7*q**2. List the prime factors of b(6).
2
Let g(m) = 3*m - 8. Let s(j) = 13*j - 31. Let z(q) = -9*g(q) + 2*s(q). What 